{"id":392,"date":"2024-07-04T12:10:55","date_gmt":"2024-07-04T10:10:55","guid":{"rendered":"https:\/\/abk-art-therapie.com\/?page_id=392"},"modified":"2025-04-29T15:21:53","modified_gmt":"2025-04-29T13:21:53","slug":"les-interventions-en-milieu-scolaire","status":"publish","type":"page","link":"https:\/\/atelier.lartimuse.fr\/?page_id=392","title":{"rendered":"Les interventions en milieu scolaire"},"content":{"rendered":"\n<p><strong>En p\u00e9riscolaire<\/strong><\/p>\n\n\n\n<p>L&rsquo;ouverture d&rsquo;esprit et la pratique artistique apportent un bien-\u00eatre aux \u00e9l\u00e8ves qui permet une diminution du stress, une augmentation de la concentration ainsi qu&rsquo;une meilleure gestion des relations sociales. Travailler sur ses \u00e9motions et sur le d\u00e9veloppement de l&rsquo;imagination sont les cl\u00e9s d&rsquo;un apprentissage serein et une confiance en soi p\u00e9renne.<\/p>\n\n\n\n<p>Les interventions en p\u00e9riscolaire au sein des \u00e9coles peuvent se faire sur la pause m\u00e9ridienne ou apr\u00e8s l&rsquo;\u00e9cole. A partir d&rsquo;une th\u00e9matique comme par exemple <em>Harry Potter<\/em>, <em>Alice au pays des merveilles<\/em> ou encore carnet de voyage, diff\u00e9rentes notions et techniques sont abord\u00e9es avec les \u00e9l\u00e8ves en histoire de l&rsquo;art et en arts plastiques. <\/p>\n\n\n\n<p><strong>En classe<\/strong><\/p>\n\n\n\n<p>Les projets artistiques en milieu scolaire sont mis en place en partenariat avec un enseignant dans les \u00e9tablissements \u00e9l\u00e9mentaires ou au coll\u00e8ge. <\/p>\n\n\n\n<p>Les objectifs et les dur\u00e9es d&rsquo;intervention sont d\u00e9termin\u00e9s en amont avec l&rsquo;enseignant pour s&rsquo;adapter au mieux aux besoins de la classe : un travail \u00e0 l&rsquo;oral d&rsquo;analyse d&rsquo;oeuvres suivi d&rsquo;une production en individuel ou en groupe et enfin une restitution \u00e0 l&rsquo;oral ou \u00e0 l&rsquo;\u00e9crit.<\/p>\n\n\n\n<p>La th\u00e9matique de l&rsquo;intervention est d\u00e9finie est amont avec l&rsquo;enseignant.<\/p>\n\n\n\n<p>Quelques id\u00e9es de projets : mythologie et art contemporain, r\u00e9alit\u00e9 et fiction, raconter des situations difficiles rencontr\u00e9es en classe en bande dessin\u00e9e (probl\u00e9matique de harcellement, de d\u00e9crochage scolaire par exemple), sciences et art contemporain&#8230;<\/p>\n\n\n\n<p><\/p>\n\n\n\n<p class=\"has-text-align-center has-medium-font-size\"><strong>Renseignements et r\u00e9servations au 06 11 35 28 71<\/strong><\/p>\n","protected":false},"excerpt":{"rendered":"<p>En p\u00e9riscolaire L&rsquo;ouverture d&rsquo;esprit et la pratique artistique apportent un bien-\u00eatre aux \u00e9l\u00e8ves qui permet une diminution du stress, une augmentation de la concentration ainsi qu&rsquo;une meilleure gestion des relations sociales. Travailler sur ses \u00e9motions et sur le d\u00e9veloppement de l&rsquo;imagination sont les cl\u00e9s d&rsquo;un apprentissage serein et une confiance en soi p\u00e9renne. Les interventions&hellip; <a href=\"https:\/\/atelier.lartimuse.fr\/?page_id=392\" class=\"more-link\">Lire la suite <span class=\"screen-reader-text\">Les interventions en milieu scolaire<\/span><\/a><\/p>\n","protected":false},"author":2,"featured_media":341,"parent":0,"menu_order":0,"comment_status":"closed","ping_status":"closed","template":"","meta":{"footnotes":""},"class_list":["post-392","page","type-page","status-publish","has-post-thumbnail","hentry","with-featured-image"],"_links":{"self":[{"href":"https:\/\/atelier.lartimuse.fr\/index.php?rest_route=\/wp\/v2\/pages\/392","targetHints":{"allow":["GET"]}}],"collection":[{"href":"https:\/\/atelier.lartimuse.fr\/index.php?rest_route=\/wp\/v2\/pages"}],"about":[{"href":"https:\/\/atelier.lartimuse.fr\/index.php?rest_route=\/wp\/v2\/types\/page"}],"author":[{"embeddable":true,"href":"https:\/\/atelier.lartimuse.fr\/index.php?rest_route=\/wp\/v2\/users\/2"}],"replies":[{"embeddable":true,"href":"https:\/\/atelier.lartimuse.fr\/index.php?rest_route=%2Fwp%2Fv2%2Fcomments&post=392"}],"version-history":[{"count":5,"href":"https:\/\/atelier.lartimuse.fr\/index.php?rest_route=\/wp\/v2\/pages\/392\/revisions"}],"predecessor-version":[{"id":449,"href":"https:\/\/atelier.lartimuse.fr\/index.php?rest_route=\/wp\/v2\/pages\/392\/revisions\/449"}],"wp:featuredmedia":[{"embeddable":true,"href":"https:\/\/atelier.lartimuse.fr\/index.php?rest_route=\/wp\/v2\/media\/341"}],"wp:attachment":[{"href":"https:\/\/atelier.lartimuse.fr\/index.php?rest_route=%2Fwp%2Fv2%2Fmedia&parent=392"}],"curies":[{"name":"wp","href":"https:\/\/api.w.org\/{rel}","templated":true}]}}